 1. Let q be k(-1). Let f(w) = w + 7. What is f(q)?
4
Suppose 3*s = s + 8. Let k(p) = p - 4*p + s - 3*p + 7*p. What is k(-4)?
0
Suppose -4*n + 2*v + 120 = -0*v, 4*n = -5*v + 92. Let t(p) = 4*p**2 + n - p - 24 + p**2. Let o(u) = u - 1. Let a(b) = 3*o(b) + t(b). What is a(-2)?
17
Let v(h) = 3*h + 43. Let w be v(-16). Let q(c) = -c**3 - 4*c**2 + 4*c + 3. Let x be q(w). Let p(y) = -y**3 + 8*y**2 + 5. Give p(x).
5
Let g(c) = -c**3 - 2*c**2 + 2*c + 4. Suppose 5 = 5*d - 35. Suppose d*s - 3*s + 15 = 0. What is g(s)?
7
Let l(g) = -6*g**2 - 8*g. Let m be l(-1). Let z(a) = 14*a - 7. Determine z(m).
21
Let y(q) = q**3 + 6*q**2 + 7*q - 7. Let f be y(-3). Let m(s) = 8*s - 2. Calculate m(f).
-10
Let s(o) be the third derivative of -7*o**4/24 + 2*o**3/3 - 25*o**2. What is s(-2)?
18
Let i = 55 + -51. Suppose -x - 12 + 3 = i*h, 3*x - h = -14. Let o(l) = 0 + 5 + 1 - l. Calculate o(x).
11
Let q(m) be the second derivative of m**5/20 + 7*m**4/6 + 13*m**3/6 - m**2/2 + 2*m + 4. Give q(-13).
-1
Let z(f) = f**2 + 2*f - 4. Let p(a) = -a**2 - a + 5. Let q(w) = -3*p(w) - 2*z(w). Give q(6).
23
Let i(t) be the first derivative of t**2/2 - 20*t - 41. Give i(11).
-9
Let i = 268/3 + -89. Let v(y) be the first derivative of i*y**3 - 3 - 3/2*y**2 - y. Determine v(3).
-1
Let j be 4 + (-1)/1 - (15 - 96). Let p(g) = -43*g + 3 + j*g - 5 + g**2 - 43*g. Calculate p(-2).
6
Let w = -95 - -100. Let o(n) = 4*n - w*n + 181 - 183. What is o(-4)?
2
Suppose -3*p - 2*p + p = 0. Suppose p = 7*b - 43 - 34. Let z(g) = g**2 - 11*g + 2. Determine z(b).
2
Let n(c) = 24*c + 3. Let w be n(1). Let g = -29 + w. Let q(f) = 2*f**2 + 3*f + 1. What is q(g)?
3
Let v(n) = -4*n**2 - 2*n**3 - 125*n - 1 - 125*n + 1 + 254*n. Calculate v(-3).
6
Let s(v) = -13*v. Let c(q) = -30*q + 2. Let j(p) = -4*c(p) + 9*s(p). Let i be (-46)/(-5) - 1/5. Give j(i).
19
Let x(m) be the first derivative of 3*m**2 - 4/3*m**3 - 4 - 1/4*m**4 + 4*m. Suppose 2*y + 14 = 4. Calculate x(y).
-1
Suppose -4*l + 0*l = 176. Let s be (-8)/l + 70/(-22). Let y(x) = x**2 + 4*x - 1. Calculate y(s).
-4
Let u(z) = 2*z + 9. Let i(b) = -6*b - 40. Let l(k) = 2*i(k) + 9*u(k). Determine l(8).
49
Suppose 3*c + 3*f - 5 = 7, -3*c = -4*f + 16. Let a(y) = -y. Let i(t) = -2*t + 1. Let r(o) = 3*a(o) - 2*i(o). What is r(c)?
-2
Suppose 32 = -20*f + 28*f. Let l(c) = -5*c**3 + 6*c**3 - f*c + c**2 - 2*c - 2 + c. What is l(-3)?
-5
Let n = -13 - -23. Let o = n + -5. Suppose -o*i = 5, -5*i = -k - 0*i + 6. Let d(l) = 8*l. Determine d(k).
8
Let l(q) = q**3 - 13*q**2 - 16*q + 30. Let s be l(14). Let f(v) = 16*v**3 + 4 + 6*v**3 - v + 6*v**s - 23*v**3. Calculate f(6).
-2
Let k(n) be the second derivative of -7*n**3/6 - n**2/2 + 10938*n. Let p be 10*1*6/(-15). Let z be ((-4)/6)/(p/(-6)). What is k(z)?
6
Suppose -5*k - 37 = -12, -35 = -5*i + 2*k. Let t(x) = x**2 + 2*x - 3. What is t(i)?
32
Let l = 34 - 31. Let v(r) = -26*r - l + 27*r + 1 - 2. Give v(6).
2
Let x(p) = p - 1. Let o be x(8). Let y(g) be the third derivative of 0*g + 5/3*g**3 + 5/24*g**4 - g**2 - 1/60*g**5 + 0. Determine y(o).
-4
Let x(r) = -r**3 - 5*r**2 - 6*r + 6. Let c(u) = u**2 - u. Let l(f) = 2*c(f) - x(f). Calculate l(-6).
6
Let o(f) = 4*f**3 + 27*f**2 + 2*f - 61. Let m(i) = -2*i**3 - 16*i**2 - i + 30. Let j(y) = -5*m(y) - 3*o(y). Determine j(0).
33
Let y(g) = 3*g**3 + 3*g**2 - 5*g - 3. Let c(p) = 15*p + 27. Let w be c(-2). Calculate y(w).
-42
Suppose 0 = -w - 7 + 11. Let a = w - 8. Let p(h) = h**2 + 2*h + 2. Calculate p(a).
10
Let y(t) = 2*t**3 - 3*t**2 - 5*t + 6. Let i be y(3). Let d = i - 24. Let s(m) = -m**2 - 11*m - 3. Determine s(d).
27
Let y(d) = -2*d + 12. Suppose 3*k + 7 = -2*b, 3*b - 29 = 2*b + 5*k. Determine y(b).
4
Let i(k) = k**3 - k**2 + 24*k - 42. Let s be i(2). Let m(j) = -j**2 + 12*j - 2. Calculate m(s).
18
Let c(q) = q**2 + 2*q - 4. Suppose x = -2*x + m + 17, 8 = -4*m. Suppose 0 = v + 5, 4 = 4*l - 5*v - x. Calculate c(l).
4
Let h(w) = 2 + 0*w**2 + w + w**2 - 1. Suppose -99 + 567 = -6*p. Let a = 74 + p. Give h(a).
13
Let w(d) = -d**3 + 4*d**2 - 4. Let k be w(5). Let o = k - -35. Let z(p) = -p**3 + 6*p**2 - 3*p + 8. Determine z(o).
-10
Let m(v) = -2*v**2 - v. Let c(d) = 9*d**2 - 2*d - 6. Let l(b) = -c(b) - 5*m(b). Calculate l(-4).
-6
Let p(r) = -r**2 + 6*r + 11. Suppose 5*u - 64 = -3*u. Suppose -u*x = 3*a - 4*x - 31, -5*a - 3*x = -48. What is p(a)?
-16
Let c = 10 + -3. Let a be (-13)/(-91) + (-29)/c. Let p be -2*1 - (a + -4). Let v(k) = k**3 - 6*k**2 + k - 5. What is v(p)?
1
Suppose -4*h = -2*u - 6, -2*u = u - 5*h + 11. Let w(x) = x**2 + 5*x - 10. Give w(u).
4
Suppose -14 + 4 = -5*f. Let i(a) = 3*a**3 - 2*a**2 - 2*a + 2. Calculate i(f).
14
Let j(r) = r**3 - 20*r**2 - 15. Let m be j(20). Let o(g) = -g**3 - 16*g**2 - 14*g + 15. What is o(m)?
0
Let y(z) = 17*z + 78. Let p be y(-11). Let d = p + 111. Let k(u) be the third derivative of u**5/20 - u**4/12 + u**3/6 - u**2. Give k(d).
9
Let o(a) be the first derivative of -1/60*a**5 - 5 + 5/24*a**4 - a**3 + 0*a + 1/2*a**2. Let y(x) be the second derivative of o(x). Determine y(5).
-6
Let y(g) = -3*g + 2. Let h be (-14)/35 - (-22)/5. Suppose -h*a - 144 = -2*z, -2*a + 16 = 3*z + 104. Let n be 8/40 - a/10. What is y(n)?
-10
Let j(s) = 3*s + 2. Let z(h) = 17*h**3 + h**2. Let g be z(1). Suppose 0 = 3*y - 5*p + 18, p - g = -2*y + 5*y. What is j(y)?
-16
Let n = -1862 - -1853. Let q(z) = -z**3 - 10*z**2 - 7*z + 9. What is q(n)?
-9
Let x(z) be the second derivative of z**4/12 - 2*z**3 + 15*z**2/2 + 31*z. What is x(10)?
-5
Let p(n) = 5*n**3 - 130*n**2 + 68*n**2 - n + 65*n**2 + 1. Calculate p(2).
51
Let t(z) = z**3 + 16*z**2 + z + 11. Let n = 287 + -303. Determine t(n).
-5
Let m(v) = -4*v + 10. Let s(n) = -3*n + 5. Let u(d) = 3*m(d) - 5*s(d). Calculate u(-4).
-7
Let w = -86 + 102. Suppose -5*d + w = -v, 0*v - 17 = 2*v - 5*d. Let s(p) = -8*p**3 - p**2 - p. Determine s(v).
8
Suppose -27 = -9*a - 0*a. Let c(w) = -a*w + 4*w - 6 + 1. Calculate c(6).
1
Suppose -3*z - 51 = -0*p - 3*p, 20 = p - 4*z. Let d(j) = -p*j + 2*j + 3 + 9*j + 4*j. Suppose -5 = -c, c = v - 3*c + 16. Calculate d(v).
-1
Let m(t) = 17*t + 98. Let y be m(-6). Let f(b) = -6*b - 1. What is f(y)?
23
Let w be ((-18)/(-3))/(1 + 1). Let s(h) = 4*h + h**w + 5 - 5 - 3*h - 4 - 6*h**2. Determine s(6).
2
Let r(h) = 3*h + 17*h**2 + 1 + 22*h**2 + 0 - 4*h. What is r(1)?
39
Let d(c) = -c + 6. Let t be d(4). Let f(u) = -u + 2. Let k be f(t). Let n = -6 - k. Let y(m) = m**3 + 5*m**2 - 5*m + 4. Give y(n).
-2
Let q(x) = -x**2 + 6*x + 4. Suppose 3*c - 99 = c + 3*v, -2*c = 4*v - 78. Let k be (54/c)/((-1)/(-5)). Determine q(k).
4
Let w(r) = r**2 + 1. Suppose 4*g - 16 = 8. Let i(a) = -a**3 + 2*a**2 - 3*a + 6. Let z(b) = g*w(b) - i(b). Let v be z(-3). Let x(s) = s + 5. Determine x(v).
5
Let o(s) be the third derivative of 5*s**4/24 + 5*s**3/6 + 12*s**2. Let t(w) = w**3 + 8*w**2 + 11*w + 23. Let u be t(-7). Calculate o(u).
-20
Let p(v) = -v**3 - v**2 + 12. Let g = -2 - -2. Suppose g = -a + 2*a - 4. Suppose -a*i - 2*n = -4*n - 2, 4 = i - 4*n. Determine p(i).
12
Let n(b) = 3 - 14*b + 13*b - 2. Let a be n(-2). Let d(o) = -2*o**2 + 16*o + 4*o**a - 8*o**3 - 17*o. What is d(-1)?
3
Let p(t) = -t**3 - 6*t**2 - 3*t + 2. Let b = -1377 + 1372. Determine p(b).
-8
Let d(c) = -6*c + 3. Let g be 4/(-3) + 65/15. Calculate d(g).
-15
Let a be 1/2 - (-27)/6. Let o(j) = -9*j + 7. Give o(a).
-38
Let x = 474 - 474. Let q(l) = -l**2 + l - 9. What is q(x)?
-9
Let f(a) = a**2 + a. Let j(o) = -2*o**2 - 11*o + 6. Let b(u) = -3*f(u) - j(u). Give b(6).
6
Let i(l) = -l**3 + l**2 - l. Let a be (6/(-7))/((-4)/(-28)). Let g(d) = 5*d**3 + 3*d**2 - 4*d + 3. Let u(c) = a*i(c) - g(c). What is u(8)?
13
Let p(t) = 2*t**2 - 5*t + 4. Let x be p(2). Let u(a) = 1 + 4*a - 3*a**2 - a**x + 3*a**2. Suppose 3*m - 8 = -m. Calculate u(m).
5
Suppose v + 3*v = -348. Let z = 88 + v. Let m(h) = -1 - 5*h**3 + 0*h**3 + 0 + h**2. What is m(z)?
-5
Let p(f) be the first derivative of f**4/4 - 8*f**3/3 + 3*f**2 + 2*f - 510. Suppose t - 7 = 2*q, t - 3*q - 5 = 2. What is p(t)?
-5
Let u(j) = j**2 - 7*j + 2. Let o be u(5). Let w = o - -5. Let m(t) = 100 - 6*t + 103 + 2*t + t - 202. Determine m(w).
10
Let r(z) be the second derivative of z**4/3 + z**3/6 - z**2 + 257*z. What is r(1)?
3
Let w(f) be the first derivative of -3*f - 1/3*f**3 + 2*f**2 - 4. Let o = 15 + -11. Give w(o).
-3
Let 